 23*t + 25 = 28*t. List the prime factors of v.
3, 421
Suppose -5*k = 5*z + 5, 3*z - 23 = k - 10. Suppose z*h = f + 178, -5*h + 4*f + 124 + 175 = 0. List the prime factors of h.
59
Let p be (886 + -1)/5*(1 + 0). Let u = p + -61. What are the prime factors of u?
2, 29
Suppose 0 = -2*t + 16 + 14. Suppose m - t = 201. List the prime factors of m.
2, 3
Let w(c) = -c**3 - c + 22. Let q = 11 + -11. Let r be w(q). Suppose -2*d = -3*m - r, 3*m - 38 = -2*d - 2*m. List the prime factors of d.
2, 7
Suppose -1 = -v + 28. Let j = v + -17. Let z = 21 - j. List the prime factors of z.
3
Suppose -6*l + 2027 = -1015. Suppose 0 = 4*b + 91 - l. Let o = b - 44. List the prime factors of o.
2, 3, 5
Suppose 101890 = -132*g + 178*g. What are the prime factors of g?
5, 443
Let o(f) = -f**2 + 4*f + 3. Let g be o(6). Let w be 2/g + (-830)/(-9). Suppose 0*r + w = 4*r. What are the prime factors of r?
23
Let j = 332 - -213. What are the prime factors of j?
5, 109
Suppose 0*u - 766 = -2*u. Suppose -4*d = -u + 115. List the prime factors of d.
67
Let f(r) be the second derivative of r**5/20 + r**4/2 - r**3/2 - r**2/2 - r. Let y(l) = -l**2 + 11*l + 6. Let b be y(12). What are the prime factors of f(b)?
17
Let x be -27*(8 + (-7)/3). Suppose -383 = 4*a - 5*f, 0*a + 2*f = -a - 99. Let l = a - x. List the prime factors of l.
2, 7
Let p(i) = -49*i. Let k be p(-1). Let h = k + -32. What are the prime factors of h?
17
Let m = 2375 + -1605. What are the prime factors of m?
2, 5, 7, 11
Suppose 12 = 4*c - 0*c. Suppose 126 = 3*v + c*v. List the prime factors of v.
3, 7
Let r be (10/6)/(10/12). Suppose k = r*k. Suppose 18 = -k*w + w. List the prime factors of w.
2, 3
Let t(p) = 8*p**2 + 39*p - 308. What are the prime factors of t(10)?
2, 3, 7
Let u = 28 - 23. List the prime factors of 1156/10 - (-2)/u.
2, 29
Let l(a) = a + 10. Let c be l(-9). Suppose -5*b + 263 = 2*w, -3*w - b + 11 = -377. List the prime factors of (w + c)/(6/3).
5, 13
Suppose 2*t - 5*l = 7 + 26, 5*l = t - 24. Let x be 2/6*(t + 0). Suppose 0 = -j + 3, 2*o = 3*o + x*j - 22. What are the prime factors of o?
13
Let l(c) = -5*c**3 + 2*c**2 + 4*c + 5. Let u(m) = 2*m + 16 - 3 + 9. Let i be u(-12). What are the prime factors of l(i)?
3, 5
Let u = 73 - 72. What are the prime factors of u*5*(-4 - -19)?
3, 5
Let x(w) = -w**2 - 1. Let v be x(-1). Let d(p) = -p**3 - p**2 - 2*p. Let f be d(v). Suppose -4*a - 172 = -f*a. What are the prime factors of a?
43
Suppose 4*u - 37 - 1299 = -4*q, 4*q + 324 = u. Suppose -3*m + 5*m - u = 0. List the prime factors of m.
2, 83
Let t = -896 - -1929. What are the prime factors of t?
1033
Let a(z) = z**3 - z + 8. Let j be a(0). Suppose 0 = j*i - 12*i + 448. What are the prime factors of i?
2, 7
What are the prime factors of (695 - 2)*2/3?
2, 3, 7, 11
Suppose 0 = 3*h - 712 - 194. Suppose -5*f = -2*j + 101, h = 5*j - 0*j + 4*f. What are the prime factors of j?
2, 29
Let t be (-48)/168 - (-32)/14. Suppose -5*x + 35 = t*d, -5*d - 3 = 2*x - 17. List the prime factors of x.
7
Suppose 0 = 2*q - 2*r + 6, 2*q - 6 = -r + 3. Suppose 5*t - 25 = 3*a + q*a, 5*t = 2*a + 34. Let x(y) = y**3 - 7*y**2 - 4*y - 6. List the prime factors of x(t).
2, 13
Let d(q) be the first derivative of q**3/3 + q**2 - 5*q - 1. Let c = 17 + -23. What are the prime factors of d(c)?
19
Suppose -5*q = -j + 903, -5*q - 577 = 3*j - 3366. List the prime factors of j.
13, 71
Let r(k) = -7*k - 9. Let u be r(-7). Suppose -l = 4*l - u. List the prime factors of (-18)/l*(-7 + 3).
3
Suppose -8*i + 2012 = 692. Suppose 4*m = i + 83. List the prime factors of m.
2, 31
Suppose 0 = -3*m + 32 + 25. Let k = m + -14. Suppose -k*p + 24 = 2*g, -5*p + 1 + 9 = -5*g. What are the prime factors of p?
2
List the prime factors of (-39 - -40)*1*1291.
1291
Let b(s) = s**3 - 38*s**2 + 109. What are the prime factors of b(39)?
2, 5, 163
Let u = 276 - -303. What are the prime factors of u?
3, 193
Let a = -143 + 445. What are the prime factors of a?
2, 151
Let f be 240/(-100) - (-5)/(50/4). List the prime factors of (-984)/(1 - 5) + f + 3.
13, 19
Suppose -l = -t - 2*t - 45, -3*t - 12 = 0. Let b = 9 - -11. Let o = l - b. List the prime factors of o.
13
Let d = 14 - 14. Let a(p) = -p + 21. List the prime factors of a(d).
3, 7
Suppose -5*a - n + 10073 = 0, 47*n + 8059 = 4*a + 48*n. List the prime factors of a.
2, 19, 53
List the prime factors of 2 - -1 - (2 - (-2156)/(-7)).
3, 103
Let w be (-6)/(-3) - 0/(-5). Suppose o - 2*l - 57 = 0, w*l - 16 = -2*l. Let j = o + -12. What are the prime factors of j?
53
What are the prime factors of 1/(-3) + ((-16528)/(-12) - -10)?
19, 73
Suppose 81 + 100 = o. List the prime factors of o.
181
Let a(w) = -w**2 + 1. Let y be (-14)/18 + 8/(-36). Let b(g) = -g**2 - g - 1. Let i(x) = y*a(x) - 4*b(x). List the prime factors of i(-2).
3, 5
Suppose -2*y + 1026 - 22 = -o, 0 = -4*o + 16. What are the prime factors of y?
2, 3, 7
What are the prime factors of -10 + 16 + (0 - (1 - 2896))?
3, 967
Suppose -3*k = -7*k + 12. Let r be (17 - 1)*(4 - 3). Suppose -k*d = -d - r. What are the prime factors of d?
2
Let g(f) = -4*f - 13. Let n be g(-4). Suppose -7*x = 5*h - 3*x + 606, n*x = 4*h + 460. Let m = 182 + h. List the prime factors of m.
2
Let t be ((-1)/(-4))/(26/3016). Suppose 2*a + 19 = -t. What are the prime factors of (-1 - 1)/(3/a)?
2
Suppose 4*i + 2*i = 108. Let m be (-2)/9 + 130/i. Let a = 30 + m. What are the prime factors of a?
37
Let j(k) be the second derivative of k**5/20 + k**4/2 - 4*k**3/3 - 2*k**2 + 2*k. Let o be j(-7). Suppose o*w - 163 = -64. What are the prime factors of w?
3, 11
Let q(b) = 19*b**2 + 18*b + 70. List the prime factors of q(-4).
2, 151
Let n(o) = -o - 12. Let b be n(-18). What are the prime factors of (2 - 8/6)*b?
2
Let n(k) = 127*k**2 + 4*k - 1. What are the prime factors of n(-2)?
499
What are the prime factors of (-93)/93 + (-1978)/(-1)?
3, 659
Let y = -30 + 34. Suppose y*f - 77 = 5*o, f - 14 = -0*o + 3*o. List the prime factors of f.
23
Let v = -3865 + 7080. What are the prime factors of v?
5, 643
List the prime factors of 1520/(-4)*((-1)/(-1) + -2).
2, 5, 19
Suppose 0 = -g + k + 225 + 147, 397 = g + 4*k. List the prime factors of g.
13, 29
Let c be (6 - (-2 + -2))/2. Suppose 63 = -c*y + 233. List the prime factors of y.
2, 17
Let k(i) = 36*i**2 + 2*i. Let x be k(2). Suppose -m - 5*c = -95, 0 = -5*m + 5*c + 337 + 198. Let o = x - m. List the prime factors of o.
43
Let b = 86 + -84. Suppose 2*z - 294 = -z + b*j, 4*z - 392 = -3*j. List the prime factors of z.
2, 7
Suppose -5*d + 4811 = 3*x - 5013, x = 3. What are the prime factors of d?
13, 151
Suppose 2*r + 2*r = -4*z, 4*z = 5*r - 18. Suppose -106 + 354 = 4*f - r*h, 3*h - 48 = -f. List the prime factors of f.
2, 3, 5
Let r(a) = 515*a - 97. What are the prime factors of r(5)?
2, 3, 7, 59
Let j be (-7)/(14/16) + 0. Let c = 26 + j. Let h = -16 + c. What are the prime factors of h?
2
List the prime factors of ((-21)/63)/(2/(-20904)).
2, 13, 67
Let o(y) = -3*y**2 - 9*y - 5. Let v be o(-6). Let g = v + 251. What are the prime factors of g?
2, 3
Suppose 0 = 5*q + 4*a, -3*q + 6*q = 4*a. List the prime factors of 31 + 3/3 + q.
2
List the prime factors of 7 + 465/(-65) + 821/13.
3, 7
Let k = 470 + -275. What are the prime factors of k?
3, 5, 13
List the prime factors of (5732/6)/((-96)/(-144)).
1433
Suppose -38 = -5*p - 2*r - 0*r, 2*r - 32 = -4*p. Suppose 3*h = 2*h - p. Let d(t) = -t**3 - 5*t**2 + 3*t - 10. What are the prime factors of d(h)?
2
Let d = -2 + 2. Suppose -8*n + 0*n + 712 = d. What are the prime factors of n?
89
Let r be 36/14*(2 - 110/(-15)). Suppose 21*l = r*l - 672. What are the prime factors of l?
2, 7
Suppose -2*m + 48 = -4*q, 0*m + q = m - 24. Suppose -3*i + 15 = 2*t - t, 0 = -2*i + 4*t + m. Suppose 2*x - 6 - i = 0. What are the prime factors of x?
2, 3
Suppose -9 = g + 6. Let t be 3/(-2) - g/2. Suppose 8*s - 11*s = -t. List the prime factors of s.
2
Let q be (-2)/(3 - (-640)/(-212)). Let g = q + -8. Suppose 5*x - g = 17. List the prime factors of x.
23
Let m(s) = s**3 - 10*s**2. Let r be m(10). Let g be (-10 + r)*8/16. Let f = g - -19. What are the prime factors of f?
2, 7
Suppose 9867 = 22*s - 2849. What are the prime factors of s?
2, 17
Let t(o) = -3*o + 0 - 1 + 3*o - o**2 - 6*o. Let i be t(-4). Suppose -5*y + i = -143. List the prime factors of y.
2